2*s - 488 = -2*f + 2*s. Suppose -42 - 6 = -4*a - 5*c, -36 = -3*a + 3*c. Calculate the remainder when f is divided by a.
10
Let s = 220 + -120. Let n be s/8*(1 + -17)/2. Let u = -86 - n. What is the remainder when 25 is divided by u?
11
Let i be 27/45*5/1 + -19. Let a = i + 20. Suppose a*f = 3*f + 2, -f + 67 = 5*v. Calculate the remainder when 50 is divided by v.
11
Let c = -54 - -87. Calculate the remainder when (-2)/(-8)*22044/c is divided by 24.
23
Suppose -5*x + 228 = 2*i, 136 = 6*i - 5*i - 3*x. Let l = i + -108. What is the remainder when 123 is divided by l?
11
Suppose -6*h = -42, -2*a + 5*h + 147 = -0*a. Calculate the remainder when 451 is divided by a.
87
Calculate the remainder when 250 is divided by 9/36 + 1054/8.
118
Suppose -3*y = 4*a - 57, -75*y + 70*y - a + 78 = 0. What is the remainder when y is divided by 13?
2
Calculate the remainder when 503 is divided by (-102680)/(-1836) + 4/54.
55
Suppose 54*s = 22803 + 27093. Let b = s - 921. Calculate the remainder when 6 is divided by b.
0
Let y = -575 + 642. Suppose 3*s - y = 4*v, 2*s + 2*v - 40 = 7*v. Calculate the remainder when 106 is divided by s.
6
Suppose -28*q + 32 = -20*q. Let z(w) = 10*w**2 - 20. Calculate the remainder when z(q) is divided by 59.
22
Suppose -2*n + v = 4*n - 1674, 3*n - 4*v - 858 = 0. Calculate the remainder when 544 is divided by n.
266
Let s(h) = h**2 - 3*h - 46. Suppose -2*m + 25 = 5. Calculate the remainder when 87 is divided by s(m).
15
Suppose 73*c - 72*c = 5*h - 3771, -2*h + 1482 = 4*c. Calculate the remainder when h is divided by 93.
9
What is the remainder when 854 - ((-8)/18 + (-1058)/414) is divided by 66?
65
What is the remainder when 3031 is divided by 3/4*2*((-4160)/(-96) + -16)?
38
Suppose -5*x = j - 24, 7*j - 2*j = -3*x + 54. Suppose -j*s = -14*s + 60. Suppose s*o - 17*o + 50 = 0. What is the remainder when 29 is divided by o?
9
Suppose 6*w + 8 = 1112. Calculate the remainder when w is divided by ((-188)/(-20))/((-1)/(-5)).
43
Let p = -804 - -840. Suppose -y - 5*g + 125 = -0*y, y + 4*g = 128. Calculate the remainder when y is divided by p.
32
Let j(o) = -9*o - 153. Let p be -1 - -9*(7 - 9). Calculate the remainder when j(p) is divided by 5.
3
Let g(q) = q**2 + 8*q + 12. Let m be g(-6). Let p(z) = 2*z - 1. Let f be p(m). What is the remainder when 46 is divided by 1/(f/(-13)) + 3?
14
Let w(o) = 2*o**2 + 41*o + 194. What is the remainder when 185 is divided by w(-14)?
5
Let o(m) = -3*m**2 - 2 - 2*m**3 + 4*m**3 - m**3 + m - 1. Let x = -1139 - -1223. What is the remainder when x is divided by o(4)?
16
Let g be (0 - (0 + 18))*4760/(-204). Suppose 15*m - g - 480 = 0. Calculate the remainder when m is divided by 18.
6
Suppose -5*c = y - 15, -5*y + 9 = c - 18. Suppose -c*w + 2 = -4*i - 20, -5*w + 3*i = -55. What is the remainder when 51 is divided by w?
7
Suppose -18*k + 208 = 10. What is the remainder when 7345 is divided by k?
8
Let s = 276 + -146. Let w(d) = 19*d**2 - 187*d - 187. Calculate the remainder when s is divided by w(-1).
16
Let k(y) = y**2 + 7*y - 117. Let o be k(9). Let i(z) = z - 10. What is the remainder when 78 is divided by i(o)?
10
Suppose 7*n - 2*n - 35 = 0. Let i(s) = -s**2 + 10*s - 7. What is the remainder when (211 + 14)/15*(-8)/(-3) is divided by i(n)?
12
Let f = -75 - -77. Let k(y) = -f*y**2 + 16 + 4*y**2 - y**2 + 14*y. Calculate the remainder when 7 is divided by k(-13).
1
Let u = -20 - -18. Let b = -1 - u. Suppose -3*w = -2*k + 35, -b = -5*k + 5*w + 89. Calculate the remainder when 54 is divided by k.
16
Suppose 126 = -13*p + 34*p. What is the remainder when 34 is divided by 15 - (-4 - (6 - p))?
15
Let i = 46 - 7. Let c = -34 + i. Calculate the remainder when 14 is divided by c.
4
Suppose -255*y = 4*r - 260*y - 87, -r = -4*y - 19. What is the remainder when 177 is divided by r?
16
Let o = 2402 + -2364. Calculate the remainder when 137 is divided by o.
23
Let c(k) = -2*k**2 - 12*k + 5. Let z be c(-6). Suppose -z*s + g = 6*g + 10, 2*g = -5*s + 5. Calculate the remainder when (-4)/((-4)/108*s) is divided by 19.
17
Let n(f) = -16*f - 22. Let y be n(1). What is the remainder when 1349 is divided by (7/(84/(-200)))/(y/171)?
74
Let u(t) = -5 + 6 + 1 - 17*t + 4. Suppose 0 = -2*v + o + 89, -23*v + 25*v - 79 = 3*o. What is the remainder when u(-5) is divided by v?
44
Suppose -2578 + 2270 = -4*a. Calculate the remainder when 846 is divided by a.
76
Let h(v) be the first derivative of v**3 + 3*v**2 + 143. Suppose 5*f = 20, 6*p - 5*f = 3*p + 190. Calculate the remainder when p is divided by h(-4).
22
Suppose g + 23 = -5*w, -2*g - 5 = -w - 14. Calculate the remainder when -1119*((-48)/9 - w) is divided by 25.
23
Let g = -113 + 159. Suppose a = g - 6. Let q = -699 + 817. What is the remainder when q is divided by a?
38
Let k(d) = d**3 + 33*d**2 + 62*d + 9. Suppose -5*w = -l - 2*l - 88, -5*w = -2*l - 92. Calculate the remainder when w is divided by k(-31).
2
Suppose -8 - 13 = -5*n - 4*g, 2*n + 10 = 3*g. Suppose -3*z = -3*s + 51, -z = -5*z - 8. Suppose n - s = -2*l. What is the remainder when 34 is divided by l?
6
Let k = 41 + -37. Suppose -20 = k*w, 2*q - 11 = 3*w + 32. Let m(t) = -t**2 + 14*t + 17. Calculate the remainder when 48 is divided by m(q).
14
Let f(v) = 16*v - 140. Let a(l) = l**3 + 11*l**2 + 11*l + 9. Calculate the remainder when a(-8) is divided by f(10).
13
Suppose -5*a = -p - 906, -5*a + 27*p - 30*p + 922 = 0. Suppose -b = 3 - 40. Calculate the remainder when a is divided by b.
34
Let j(l) = 20*l - 1375. What is the remainder when j(92) is divided by 185?
95
Let j(c) = 17*c + 38. Let i be j(-10). Let f = i + 147. Calculate the remainder when 283 is divided by f.
13
Suppose 284*l - 20 = 282*l. Let k = 202 + -105. What is the remainder when k is divided by l?
7
Let q(b) be the third derivative of -b**6/120 - b**5/15 + 11*b**4/3 - 4*b**3/3 + 2*b**2 + 136. Calculate the remainder when q(-12) is divided by 47.
41
Let c = -2318 - -2337. Calculate the remainder when 104 is divided by c.
9
Let y = 651 - 637. What is the remainder when 628 is divided by y?
12
Suppose 0 = 5*c + 2*r + 5838, -14*r = -c - 11*r - 1171. Let v = -719 - c. What is the remainder when v is divided by 45?
44
Suppose 39*s - 55*s = -32768. Suppose s = 10*m + 558. What is the remainder when m is divided by 38?
35
Let h(s) = -25*s**2 - 1728*s + 14. Calculate the remainder when 882 is divided by h(-69).
219
Suppose 3*x - 12678 = -4*n, -3*x - 5*n + 4221 = -8451. What is the remainder when x is divided by 1410?
4
Suppose 0 = l + 3*d - 414, 0 = 3*l + 4*d - 2*d - 1207. What is the remainder when l is divided by 102?
93
Suppose -3*f = -4*k - k + 32, 2*f = -2*k. What is the remainder when (-9 - -8)/(k/(-316)) is divided by 2?
1
Let f = -2927 - -2935. What is the remainder when 254 is divided by f?
6
Let q(u) = 14*u**3 + u**2 - u + 1. Let y be q(2). Let g = -63 + y. Let w(c) = c**3 - c**2 - c - 17. Calculate the remainder when g is divided by w(4).
25
Calculate the remainder when 47 is divided by (-3 + 0 + 7)*105/84.
2
Let l = 508 + -148. Suppose 0 = -3*t - 63 + l. Calculate the remainder when t is divided by (-8 - -5)*-9 - 1.
21
Let o(q) = q**3 + 5*q**2 - 2*q + 2. Let s be o(-5). Suppose 2*w = s - 10. What is the remainder when 58 is divided by (8 + w)/((-27)/(-45))?
13
Let w be 3/(-2)*(-36)/27. Suppose -u + w = -14. Calculate the remainder when u is divided by 12.
4
Let u(i) = 4*i**2 - i - 1. Let g be u(-1). Let c be (1 - 5/g)*-4. What is the remainder when 108 is divided by (c - -36)*(2 + -1)?
34
Let p = 114 - 41. Let u = -343525 + 343526. What is the remainder when p is divided by u?
0
Let g(d) = d**2 - 12*d + 21. Let a be g(10). Suppose 5*p - 6 = -a, -4*p - 1214 = -3*r. Suppose 7*q + 56 = r. What is the remainder when q is divided by 16?
2
Suppose 0 = 103*c + 33*c - 22616 + 5072. What is the remainder when 200 is divided by c?
71
Let b(y) = y**3 - 13*y**2 + 4*y - 8. Suppose -100 - 82 = -14*d. What is the remainder when 166 is divided by b(d)?
34
Let j = 4919 - 4888. What is the remainder when 57 is divided by j?
26
Suppose -t - 2*u = -68, 7 = u + 5. What is the remainder when t is divided by (-4 + 0 - -34) + 4?
30
Let b(g) = 2*g**2 - 68*g - 664. Calculate the remainder when 1529 is divided by b(43).
99
Let h = 1526 - 1327. What is the remainder when 204 is divided 